{"id":304,"date":"2024-09-04T14:29:26","date_gmt":"2024-09-04T14:29:26","guid":{"rendered":"https:\/\/esqueletolibros.cl\/?page_id=304"},"modified":"2025-03-10T15:51:12","modified_gmt":"2025-03-10T15:51:12","slug":"arte","status":"publish","type":"page","link":"https:\/\/esqueletolibros.cl\/?page_id=304","title":{"rendered":"Arte y Est\u00e9tica"},"content":{"rendered":"\t\t<div data-elementor-type=\"wp-page\" data-elementor-id=\"304\" class=\"elementor elementor-304\">\n\t\t\t\t<div class=\"elementor-element elementor-element-bc5f5d0 e-flex e-con-boxed e-con e-parent\" data-id=\"bc5f5d0\" data-element_type=\"container\">\n\t\t\t\t\t<div class=\"e-con-inner\">\n\t\t\t\t<div class=\"elementor-element elementor-element-c85ec15 elementor-widget elementor-widget-shortcode\" data-id=\"c85ec15\" data-element_type=\"widget\" data-widget_type=\"shortcode.default\">\n\t\t\t\t<div class=\"elementor-widget-container\">\n\t\t\t\t\t\t\t<div class=\"elementor-shortcode\"><form data-min-no-for-search=1 data-result-box-max-height=400 data-form-id=394 class=\"is-search-form is-form-style is-form-style-3 is-form-id-394 is-ajax-search\" action=\"https:\/\/esqueletolibros.cl\/\" method=\"get\" role=\"search\" ><label for=\"is-search-input-394\"><span class=\"is-screen-reader-text\">Buscar:<\/span><input  type=\"search\" id=\"is-search-input-394\" name=\"s\" value=\"\" class=\"is-search-input\" placeholder=\"Buscar aqu\u00ed...\" autocomplete=off \/><span class=\"is-loader-image\" style=\"display: none;background-image:url(https:\/\/esqueletolibros.cl\/wp-content\/plugins\/add-search-to-menu\/public\/images\/spinner.gif);\" ><\/span><\/label><button type=\"submit\" class=\"is-search-submit\"><span class=\"is-screen-reader-text\">Bot\u00f3n de b\u00fasqueda<\/span><span class=\"is-search-icon\"><svg focusable=\"false\" aria-label=\"Buscar\" xmlns=\"http:\/\/www.w3.org\/2000\/svg\" viewBox=\"0 0 24 24\" width=\"24px\"><path d=\"M15.5 14h-.79l-.28-.27C15.41 12.59 16 11.11 16 9.5 16 5.91 13.09 3 9.5 3S3 5.91 3 9.5 5.91 16 9.5 16c1.61 0 3.09-.59 4.23-1.57l.27.28v.79l5 4.99L20.49 19l-4.99-5zm-6 0C7.01 14 5 11.99 5 9.5S7.01 5 9.5 5 14 7.01 14 9.5 11.99 14 9.5 14z\"><\/path><\/svg><\/span><\/button><input type=\"hidden\" name=\"id\" value=\"394\" \/><\/form><\/div>\n\t\t\t\t\t\t<\/div>\n\t\t\t\t<\/div>\n\t\t\t\t\t<\/div>\n\t\t\t\t<\/div>\n\t\t<div class=\"elementor-element elementor-element-6b77c56 e-grid e-con-boxed e-con e-parent\" data-id=\"6b77c56\" data-element_type=\"container\" data-settings=\"{&quot;animation&quot;:&quot;none&quot;}\">\n\t\t\t\t\t<div class=\"e-con-inner\">\n\t\t\t\t<div class=\"elementor-element elementor-element-f3b2631 elementor-position-top elementor-widget elementor-widget-image-box\" data-id=\"f3b2631\" data-element_type=\"widget\" data-widget_type=\"image-box.default\">\n\t\t\t\t<div class=\"elementor-widget-container\">\n\t\t\t\t\t<div class=\"elementor-image-box-wrapper\"><figure class=\"elementor-image-box-img\"><a href=\"https:\/\/esqueletolibros.cl\/?producto=puno-y-letra-movimiento-social-y-comunicacion-grafica-en-chile-eduardo-castillo-espinoza\" tabindex=\"-1\"><img fetchpriority=\"high\" decoding=\"async\" width=\"835\" height=\"1024\" src=\"https:\/\/esqueletolibros.cl\/wp-content\/uploads\/2024\/10\/1-4.png\" class=\"attachment-full size-full wp-image-796\" alt=\"\" srcset=\"https:\/\/esqueletolibros.cl\/wp-content\/uploads\/2024\/10\/1-4.png 835w, https:\/\/esqueletolibros.cl\/wp-content\/uploads\/2024\/10\/1-4-245x300.png 245w, https:\/\/esqueletolibros.cl\/wp-content\/uploads\/2024\/10\/1-4-768x942.png 768w, https:\/\/esqueletolibros.cl\/wp-content\/uploads\/2024\/10\/1-4-600x736.png 600w\" sizes=\"(max-width: 835px) 100vw, 835px\" \/><\/a><\/figure><div class=\"elementor-image-box-content\"><h4 class=\"elementor-image-box-title\"><a href=\"https:\/\/esqueletolibros.cl\/?producto=puno-y-letra-movimiento-social-y-comunicacion-grafica-en-chile-eduardo-castillo-espinoza\">Pu\u00f1o y Letra. Movimiento social y comunicaci\u00f3n gr\u00e1fica en Chile - Eduardo Castillo Espinoza<\/a><\/h4><p class=\"elementor-image-box-description\">$31.500\n\n\n<\/p><\/div><\/div>\t\t\t\t<\/div>\n\t\t\t\t<\/div>\n\t\t\t\t<div class=\"elementor-element elementor-element-65c91ff elementor-position-top elementor-widget elementor-widget-image-box\" data-id=\"65c91ff\" data-element_type=\"widget\" data-widget_type=\"image-box.default\">\n\t\t\t\t<div class=\"elementor-widget-container\">\n\t\t\t\t\t<div class=\"elementor-image-box-wrapper\"><figure class=\"elementor-image-box-img\"><a href=\"https:\/\/esqueletolibros.cl\/?producto=paredes-pintadas-de-america-latina-alerta-que-salpica-aqs\" tabindex=\"-1\"><img decoding=\"async\" width=\"835\" height=\"1024\" src=\"https:\/\/esqueletolibros.cl\/wp-content\/uploads\/2024\/10\/2-5.png\" class=\"attachment-full size-full wp-image-797\" alt=\"\" srcset=\"https:\/\/esqueletolibros.cl\/wp-content\/uploads\/2024\/10\/2-5.png 835w, https:\/\/esqueletolibros.cl\/wp-content\/uploads\/2024\/10\/2-5-245x300.png 245w, https:\/\/esqueletolibros.cl\/wp-content\/uploads\/2024\/10\/2-5-768x942.png 768w, https:\/\/esqueletolibros.cl\/wp-content\/uploads\/2024\/10\/2-5-600x736.png 600w\" sizes=\"(max-width: 835px) 100vw, 835px\" \/><\/a><\/figure><div class=\"elementor-image-box-content\"><h4 class=\"elementor-image-box-title\"><a href=\"https:\/\/esqueletolibros.cl\/?producto=paredes-pintadas-de-america-latina-alerta-que-salpica-aqs\">Paredes pintadas de Am\u00e9rica Latina - Alerta que salpica<\/a><\/h4><p class=\"elementor-image-box-description\">$ 33.700<\/p><\/div><\/div>\t\t\t\t<\/div>\n\t\t\t\t<\/div>\n\t\t\t\t<div class=\"elementor-element elementor-element-0799c32 elementor-position-top elementor-widget elementor-widget-image-box\" data-id=\"0799c32\" data-element_type=\"widget\" data-widget_type=\"image-box.default\">\n\t\t\t\t<div class=\"elementor-widget-container\">\n\t\t\t\t\t<div class=\"elementor-image-box-wrapper\"><figure class=\"elementor-image-box-img\"><a href=\"https:\/\/esqueletolibros.cl\/?producto=afiches-resistencia-cultura-y-solidaridad-internacional-1973-1990-museo-de-la-memoria-y-los-derechos-humanos\" tabindex=\"-1\"><img decoding=\"async\" width=\"835\" height=\"1024\" src=\"https:\/\/esqueletolibros.cl\/wp-content\/uploads\/2024\/10\/3-4.png\" class=\"attachment-full size-full wp-image-798\" alt=\"\" srcset=\"https:\/\/esqueletolibros.cl\/wp-content\/uploads\/2024\/10\/3-4.png 835w, https:\/\/esqueletolibros.cl\/wp-content\/uploads\/2024\/10\/3-4-245x300.png 245w, https:\/\/esqueletolibros.cl\/wp-content\/uploads\/2024\/10\/3-4-768x942.png 768w, https:\/\/esqueletolibros.cl\/wp-content\/uploads\/2024\/10\/3-4-600x736.png 600w\" sizes=\"(max-width: 835px) 100vw, 835px\" \/><\/a><\/figure><div class=\"elementor-image-box-content\"><h4 class=\"elementor-image-box-title\"><a href=\"https:\/\/esqueletolibros.cl\/?producto=afiches-resistencia-cultura-y-solidaridad-internacional-1973-1990-museo-de-la-memoria-y-los-derechos-humanos\">Afiches. Resistencia, Cultura y Solidaridad Internacional (1973 - 1990) - Museo de la Memoria y los derechos Humanos<\/a><\/h4><p class=\"elementor-image-box-description\">$ 34.500<\/p><\/div><\/div>\t\t\t\t<\/div>\n\t\t\t\t<\/div>\n\t\t\t\t\t<\/div>\n\t\t\t\t<\/div>\n\t\t<div class=\"elementor-element elementor-element-d8de3e1 e-grid e-con-boxed e-con e-parent\" data-id=\"d8de3e1\" data-element_type=\"container\" data-settings=\"{&quot;animation&quot;:&quot;none&quot;}\">\n\t\t\t\t\t<div class=\"e-con-inner\">\n\t\t\t\t<div class=\"elementor-element elementor-element-6ab01c7 elementor-position-top elementor-widget elementor-widget-image-box\" data-id=\"6ab01c7\" data-element_type=\"widget\" data-widget_type=\"image-box.default\">\n\t\t\t\t<div class=\"elementor-widget-container\">\n\t\t\t\t\t<div class=\"elementor-image-box-wrapper\"><figure class=\"elementor-image-box-img\"><a href=\"https:\/\/esqueletolibros.cl\/?producto=el-bosco-la-obra-completa-40th-ed-stefan-fischer\" tabindex=\"-1\"><img loading=\"lazy\" decoding=\"async\" width=\"835\" height=\"1024\" src=\"https:\/\/esqueletolibros.cl\/wp-content\/uploads\/2024\/10\/4.png\" class=\"attachment-full size-full wp-image-802\" alt=\"\" srcset=\"https:\/\/esqueletolibros.cl\/wp-content\/uploads\/2024\/10\/4.png 835w, https:\/\/esqueletolibros.cl\/wp-content\/uploads\/2024\/10\/4-245x300.png 245w, https:\/\/esqueletolibros.cl\/wp-content\/uploads\/2024\/10\/4-768x942.png 768w, https:\/\/esqueletolibros.cl\/wp-content\/uploads\/2024\/10\/4-600x736.png 600w\" sizes=\"(max-width: 835px) 100vw, 835px\" \/><\/a><\/figure><div class=\"elementor-image-box-content\"><h4 class=\"elementor-image-box-title\"><a href=\"https:\/\/esqueletolibros.cl\/?producto=el-bosco-la-obra-completa-40th-ed-stefan-fischer\">El Bosco. La obra completa. 40th Ed. - Stefan Fischer<\/a><\/h4><p class=\"elementor-image-box-description\">$ 38.800<\/p><\/div><\/div>\t\t\t\t<\/div>\n\t\t\t\t<\/div>\n\t\t\t\t<div class=\"elementor-element elementor-element-9c3e465 elementor-position-top elementor-widget elementor-widget-image-box\" data-id=\"9c3e465\" data-element_type=\"widget\" data-widget_type=\"image-box.default\">\n\t\t\t\t<div class=\"elementor-widget-container\">\n\t\t\t\t\t<div class=\"elementor-image-box-wrapper\"><figure class=\"elementor-image-box-img\"><a href=\"https:\/\/esqueletolibros.cl\/?producto=japanese-woodblock-prints-40th-ed-andreas-marks\" tabindex=\"-1\"><img loading=\"lazy\" decoding=\"async\" width=\"835\" height=\"1024\" src=\"https:\/\/esqueletolibros.cl\/wp-content\/uploads\/2024\/10\/5.png\" class=\"attachment-full size-full wp-image-803\" alt=\"\" srcset=\"https:\/\/esqueletolibros.cl\/wp-content\/uploads\/2024\/10\/5.png 835w, https:\/\/esqueletolibros.cl\/wp-content\/uploads\/2024\/10\/5-245x300.png 245w, https:\/\/esqueletolibros.cl\/wp-content\/uploads\/2024\/10\/5-768x942.png 768w, https:\/\/esqueletolibros.cl\/wp-content\/uploads\/2024\/10\/5-600x736.png 600w\" sizes=\"(max-width: 835px) 100vw, 835px\" \/><\/a><\/figure><div class=\"elementor-image-box-content\"><h4 class=\"elementor-image-box-title\"><a href=\"https:\/\/esqueletolibros.cl\/?producto=japanese-woodblock-prints-40th-ed-andreas-marks\">Japanese Woodblock Prints. 40th Ed. - Andreas Marks<\/a><\/h4><p class=\"elementor-image-box-description\">$ 38.800<\/p><\/div><\/div>\t\t\t\t<\/div>\n\t\t\t\t<\/div>\n\t\t\t\t<div class=\"elementor-element elementor-element-632f492 elementor-position-top elementor-widget elementor-widget-image-box\" data-id=\"632f492\" data-element_type=\"widget\" data-widget_type=\"image-box.default\">\n\t\t\t\t<div class=\"elementor-widget-container\">\n\t\t\t\t\t<div class=\"elementor-image-box-wrapper\"><figure class=\"elementor-image-box-img\"><a href=\"https:\/\/esqueletolibros.cl\/?producto=andy-warhol-polaroids-1958-1987-richard-woodwards\" tabindex=\"-1\"><img loading=\"lazy\" decoding=\"async\" width=\"835\" height=\"1024\" src=\"https:\/\/esqueletolibros.cl\/wp-content\/uploads\/2024\/10\/6.png\" class=\"attachment-full size-full wp-image-804\" alt=\"\" srcset=\"https:\/\/esqueletolibros.cl\/wp-content\/uploads\/2024\/10\/6.png 835w, https:\/\/esqueletolibros.cl\/wp-content\/uploads\/2024\/10\/6-245x300.png 245w, https:\/\/esqueletolibros.cl\/wp-content\/uploads\/2024\/10\/6-768x942.png 768w, https:\/\/esqueletolibros.cl\/wp-content\/uploads\/2024\/10\/6-600x736.png 600w\" sizes=\"(max-width: 835px) 100vw, 835px\" \/><\/a><\/figure><div class=\"elementor-image-box-content\"><h4 class=\"elementor-image-box-title\"><a href=\"https:\/\/esqueletolibros.cl\/?producto=andy-warhol-polaroids-1958-1987-richard-woodwards\">Andy Warhol. Polaroids 1958-1987 - Richard Woodwards<\/a><\/h4><p class=\"elementor-image-box-description\">$24.800<\/p><\/div><\/div>\t\t\t\t<\/div>\n\t\t\t\t<\/div>\n\t\t\t\t\t<\/div>\n\t\t\t\t<\/div>\n\t\t<div class=\"elementor-element elementor-element-1955afc e-grid e-con-boxed e-con e-parent\" data-id=\"1955afc\" data-element_type=\"container\" data-settings=\"{&quot;animation&quot;:&quot;none&quot;}\">\n\t\t\t\t\t<div class=\"e-con-inner\">\n\t\t\t\t<div class=\"elementor-element elementor-element-6cd4a34 elementor-position-top elementor-widget elementor-widget-image-box\" data-id=\"6cd4a34\" data-element_type=\"widget\" data-widget_type=\"image-box.default\">\n\t\t\t\t<div class=\"elementor-widget-container\">\n\t\t\t\t\t<div class=\"elementor-image-box-wrapper\"><figure class=\"elementor-image-box-img\"><a href=\"https:\/\/esqueletolibros.cl\/?producto=o-si-no-revision-critica-de-la-historia-del-arte-chileno-como-trabajo-de-arte-1979-2019-carlos-altamirano\" tabindex=\"-1\"><img loading=\"lazy\" decoding=\"async\" width=\"835\" height=\"1024\" src=\"https:\/\/esqueletolibros.cl\/wp-content\/uploads\/2024\/10\/7.png\" class=\"attachment-full size-full wp-image-808\" alt=\"\" srcset=\"https:\/\/esqueletolibros.cl\/wp-content\/uploads\/2024\/10\/7.png 835w, https:\/\/esqueletolibros.cl\/wp-content\/uploads\/2024\/10\/7-245x300.png 245w, https:\/\/esqueletolibros.cl\/wp-content\/uploads\/2024\/10\/7-768x942.png 768w, https:\/\/esqueletolibros.cl\/wp-content\/uploads\/2024\/10\/7-600x736.png 600w\" sizes=\"(max-width: 835px) 100vw, 835px\" \/><\/a><\/figure><div class=\"elementor-image-box-content\"><h4 class=\"elementor-image-box-title\"><a href=\"https:\/\/esqueletolibros.cl\/?producto=o-si-no-revision-critica-de-la-historia-del-arte-chileno-como-trabajo-de-arte-1979-2019-carlos-altamirano\">O SI NO Revisi\u00f3n cr\u00edtica de la historia del arte chileno como trabajo de arte (1979-2019) - Carlos Altamirano<\/a><\/h4><p class=\"elementor-image-box-description\">$18.000<\/p><\/div><\/div>\t\t\t\t<\/div>\n\t\t\t\t<\/div>\n\t\t\t\t<div class=\"elementor-element elementor-element-c0039f6 elementor-position-top elementor-widget elementor-widget-image-box\" data-id=\"c0039f6\" data-element_type=\"widget\" data-widget_type=\"image-box.default\">\n\t\t\t\t<div class=\"elementor-widget-container\">\n\t\t\t\t\t<div class=\"elementor-image-box-wrapper\"><figure class=\"elementor-image-box-img\"><a href=\"https:\/\/esqueletolibros.cl\/?producto=100-x-100-diseno-en-chile-patricio-pozo\" tabindex=\"-1\"><img loading=\"lazy\" decoding=\"async\" width=\"835\" height=\"1024\" src=\"https:\/\/esqueletolibros.cl\/wp-content\/uploads\/2024\/10\/8.png\" class=\"attachment-full size-full wp-image-809\" alt=\"\" srcset=\"https:\/\/esqueletolibros.cl\/wp-content\/uploads\/2024\/10\/8.png 835w, https:\/\/esqueletolibros.cl\/wp-content\/uploads\/2024\/10\/8-245x300.png 245w, https:\/\/esqueletolibros.cl\/wp-content\/uploads\/2024\/10\/8-768x942.png 768w, https:\/\/esqueletolibros.cl\/wp-content\/uploads\/2024\/10\/8-600x736.png 600w\" sizes=\"(max-width: 835px) 100vw, 835px\" \/><\/a><\/figure><div class=\"elementor-image-box-content\"><h4 class=\"elementor-image-box-title\"><a href=\"https:\/\/esqueletolibros.cl\/?producto=100-x-100-diseno-en-chile-patricio-pozo\">100 x 100 DISE\u00d1O EN CHILE  - Patricio Pozo<\/a><\/h4><p class=\"elementor-image-box-description\">$ 48.900<\/p><\/div><\/div>\t\t\t\t<\/div>\n\t\t\t\t<\/div>\n\t\t\t\t<div class=\"elementor-element elementor-element-0c80474 elementor-position-top elementor-widget elementor-widget-image-box\" data-id=\"0c80474\" data-element_type=\"widget\" data-widget_type=\"image-box.default\">\n\t\t\t\t<div class=\"elementor-widget-container\">\n\t\t\t\t\t<div class=\"elementor-image-box-wrapper\"><figure class=\"elementor-image-box-img\"><a href=\"https:\/\/esqueletolibros.cl\/?producto=andres-lorenzo-perez-araya-tiene-la-palabra-maria-de-la-luz-hurtado\" tabindex=\"-1\"><img loading=\"lazy\" decoding=\"async\" width=\"835\" height=\"1024\" src=\"https:\/\/esqueletolibros.cl\/wp-content\/uploads\/2024\/10\/9.png\" class=\"attachment-full size-full wp-image-810\" alt=\"\" srcset=\"https:\/\/esqueletolibros.cl\/wp-content\/uploads\/2024\/10\/9.png 835w, https:\/\/esqueletolibros.cl\/wp-content\/uploads\/2024\/10\/9-245x300.png 245w, https:\/\/esqueletolibros.cl\/wp-content\/uploads\/2024\/10\/9-768x942.png 768w, https:\/\/esqueletolibros.cl\/wp-content\/uploads\/2024\/10\/9-600x736.png 600w\" sizes=\"(max-width: 835px) 100vw, 835px\" \/><\/a><\/figure><div class=\"elementor-image-box-content\"><h4 class=\"elementor-image-box-title\"><a href=\"https:\/\/esqueletolibros.cl\/?producto=andres-lorenzo-perez-araya-tiene-la-palabra-maria-de-la-luz-hurtado\">ANDR\u00c9S LORENZO P\u00c9REZ ARAYA Tiene la Palabra - Mar\u00eda de la Luz Hurtado<\/a><\/h4><p class=\"elementor-image-box-description\">$28.000<\/p><\/div><\/div>\t\t\t\t<\/div>\n\t\t\t\t<\/div>\n\t\t\t\t\t<\/div>\n\t\t\t\t<\/div>\n\t\t\t\t<\/div>\n\t\t","protected":false},"excerpt":{"rendered":"<p>Pu\u00f1o y Letra. Movimiento social y comunicaci\u00f3n gr\u00e1fica en Chile &#8211; Eduardo Castillo Espinoza $31.500 Paredes pintadas de Am\u00e9rica Latina [&hellip;]<\/p>\n","protected":false},"author":1,"featured_media":0,"parent":0,"menu_order":0,"comment_status":"closed","ping_status":"closed","template":"","meta":{"_monsterinsights_skip_tracking":false,"_monsterinsights_sitenote_active":false,"_monsterinsights_sitenote_note":"","_monsterinsights_sitenote_category":0,"site-sidebar-layout":"no-sidebar","site-content-layout":"","ast-site-content-layout":"full-width-container","site-content-style":"default","site-sidebar-style":"default","ast-global-header-display":"","ast-banner-title-visibility":"","ast-main-header-display":"","ast-hfb-above-header-display":"","ast-hfb-below-header-display":"","ast-hfb-mobile-header-display":"","site-post-title":"disabled","ast-breadcrumbs-content":"","ast-featured-img":"disabled","footer-sml-layout":"","theme-transparent-header-meta":"","adv-header-id-meta":"","stick-header-meta":"","header-above-stick-meta":"","header-main-stick-meta":"","header-below-stick-meta":"","astra-migrate-meta-layouts":"default","ast-page-background-enabled":"default","ast-page-background-meta":{"desktop":{"background-color":"var(--ast-global-color-4)","background-image":"","background-repeat":"repeat","background-position":"center center","background-size":"auto","background-attachment":"scroll","background-type":"","background-media":"","overlay-type":"","overlay-color":"","overlay-opacity":"","overlay-gradient":""},"tablet":{"background-color":"","background-image":"","background-repeat":"repeat","background-position":"center center","background-size":"auto","background-attachment":"scroll","background-type":"","background-media":"","overlay-type":"","overlay-color":"","overlay-opacity":"","overlay-gradient":""},"mobile":{"background-color":"","background-image":"","background-repeat":"repeat","background-position":"center center","background-size":"auto","background-attachment":"scroll","background-type":"","background-media":"","overlay-type":"","overlay-color":"","overlay-opacity":"","overlay-gradient":""}},"ast-content-background-meta":{"desktop":{"background-color":"var(--ast-global-color-5)","background-image":"","background-repeat":"repeat","background-position":"center center","background-size":"auto","background-attachment":"scroll","background-type":"","background-media":"","overlay-type":"","overlay-color":"","overlay-opacity":"","overlay-gradient":""},"tablet":{"background-color":"var(--ast-global-color-5)","background-image":"","background-repeat":"repeat","background-position":"center center","background-size":"auto","background-attachment":"scroll","background-type":"","background-media":"","overlay-type":"","overlay-color":"","overlay-opacity":"","overlay-gradient":""},"mobile":{"background-color":"var(--ast-global-color-5)","background-image":"","background-repeat":"repeat","background-position":"center center","background-size":"auto","background-attachment":"scroll","background-type":"","background-media":"","overlay-type":"","overlay-color":"","overlay-opacity":"","overlay-gradient":""}},"footnotes":""},"class_list":["post-304","page","type-page","status-publish","hentry"],"yoast_head":"<!-- This site is optimized with the Yoast SEO plugin v26.6 - https:\/\/yoast.com\/wordpress\/plugins\/seo\/ -->\n<title>Arte y Est\u00e9tica -<\/title>\n<meta name=\"robots\" content=\"index, follow, max-snippet:-1, max-image-preview:large, max-video-preview:-1\" \/>\n<link rel=\"canonical\" href=\"https:\/\/esqueletolibros.cl\/?page_id=304\" \/>\n<meta property=\"og:locale\" content=\"es_ES\" \/>\n<meta property=\"og:type\" content=\"article\" \/>\n<meta property=\"og:title\" content=\"Arte y Est\u00e9tica -\" \/>\n<meta property=\"og:description\" content=\"Pu\u00f1o y Letra. Movimiento social y comunicaci\u00f3n gr\u00e1fica en Chile &#8211; Eduardo Castillo Espinoza $31.500 Paredes pintadas de Am\u00e9rica Latina [&hellip;]\" \/>\n<meta property=\"og:url\" content=\"https:\/\/esqueletolibros.cl\/?page_id=304\" \/>\n<meta property=\"article:modified_time\" content=\"2025-03-10T15:51:12+00:00\" \/>\n<meta property=\"og:image\" content=\"https:\/\/esqueletolibros.cl\/wp-content\/uploads\/2024\/10\/1-4.png\" \/>\n<meta name=\"twitter:card\" content=\"summary_large_image\" \/>\n<meta name=\"twitter:label1\" content=\"Tiempo estimado de lectura\" \/>\n\t<meta name=\"twitter:data1\" content=\"3 minutos\" \/>\n<script type=\"application\/ld+json\" class=\"yoast-schema-graph\">{\"@context\":\"https:\/\/schema.org\",\"@graph\":[{\"@type\":\"WebPage\",\"@id\":\"https:\/\/esqueletolibros.cl\/?page_id=304\",\"url\":\"https:\/\/esqueletolibros.cl\/?page_id=304\",\"name\":\"Arte y Est\u00e9tica -\",\"isPartOf\":{\"@id\":\"https:\/\/esqueletolibros.cl\/#website\"},\"primaryImageOfPage\":{\"@id\":\"https:\/\/esqueletolibros.cl\/?page_id=304#primaryimage\"},\"image\":{\"@id\":\"https:\/\/esqueletolibros.cl\/?page_id=304#primaryimage\"},\"thumbnailUrl\":\"https:\/\/esqueletolibros.cl\/wp-content\/uploads\/2024\/10\/1-4.png\",\"datePublished\":\"2024-09-04T14:29:26+00:00\",\"dateModified\":\"2025-03-10T15:51:12+00:00\",\"breadcrumb\":{\"@id\":\"https:\/\/esqueletolibros.cl\/?page_id=304#breadcrumb\"},\"inLanguage\":\"es-CL\",\"potentialAction\":[{\"@type\":\"ReadAction\",\"target\":[\"https:\/\/esqueletolibros.cl\/?page_id=304\"]}]},{\"@type\":\"ImageObject\",\"inLanguage\":\"es-CL\",\"@id\":\"https:\/\/esqueletolibros.cl\/?page_id=304#primaryimage\",\"url\":\"https:\/\/esqueletolibros.cl\/wp-content\/uploads\/2024\/10\/1-4.png\",\"contentUrl\":\"https:\/\/esqueletolibros.cl\/wp-content\/uploads\/2024\/10\/1-4.png\",\"width\":835,\"height\":1024},{\"@type\":\"BreadcrumbList\",\"@id\":\"https:\/\/esqueletolibros.cl\/?page_id=304#breadcrumb\",\"itemListElement\":[{\"@type\":\"ListItem\",\"position\":1,\"name\":\"Portada\",\"item\":\"https:\/\/esqueletolibros.cl\/\"},{\"@type\":\"ListItem\",\"position\":2,\"name\":\"Arte y Est\u00e9tica\"}]},{\"@type\":\"WebSite\",\"@id\":\"https:\/\/esqueletolibros.cl\/#website\",\"url\":\"https:\/\/esqueletolibros.cl\/\",\"name\":\"\",\"description\":\"\",\"potentialAction\":[{\"@type\":\"SearchAction\",\"target\":{\"@type\":\"EntryPoint\",\"urlTemplate\":\"https:\/\/esqueletolibros.cl\/?s={search_term_string}\"},\"query-input\":{\"@type\":\"PropertyValueSpecification\",\"valueRequired\":true,\"valueName\":\"search_term_string\"}}],\"inLanguage\":\"es-CL\"}]}<\/script>\n<!-- \/ Yoast SEO plugin. -->","yoast_head_json":{"title":"Arte y Est\u00e9tica -","robots":{"index":"index","follow":"follow","max-snippet":"max-snippet:-1","max-image-preview":"max-image-preview:large","max-video-preview":"max-video-preview:-1"},"canonical":"https:\/\/esqueletolibros.cl\/?page_id=304","og_locale":"es_ES","og_type":"article","og_title":"Arte y Est\u00e9tica -","og_description":"Pu\u00f1o y Letra. Movimiento social y comunicaci\u00f3n gr\u00e1fica en Chile &#8211; Eduardo Castillo Espinoza $31.500 Paredes pintadas de Am\u00e9rica Latina [&hellip;]","og_url":"https:\/\/esqueletolibros.cl\/?page_id=304","article_modified_time":"2025-03-10T15:51:12+00:00","og_image":[{"url":"https:\/\/esqueletolibros.cl\/wp-content\/uploads\/2024\/10\/1-4.png","type":"","width":"","height":""}],"twitter_card":"summary_large_image","twitter_misc":{"Tiempo estimado de lectura":"3 minutos"},"schema":{"@context":"https:\/\/schema.org","@graph":[{"@type":"WebPage","@id":"https:\/\/esqueletolibros.cl\/?page_id=304","url":"https:\/\/esqueletolibros.cl\/?page_id=304","name":"Arte y Est\u00e9tica -","isPartOf":{"@id":"https:\/\/esqueletolibros.cl\/#website"},"primaryImageOfPage":{"@id":"https:\/\/esqueletolibros.cl\/?page_id=304#primaryimage"},"image":{"@id":"https:\/\/esqueletolibros.cl\/?page_id=304#primaryimage"},"thumbnailUrl":"https:\/\/esqueletolibros.cl\/wp-content\/uploads\/2024\/10\/1-4.png","datePublished":"2024-09-04T14:29:26+00:00","dateModified":"2025-03-10T15:51:12+00:00","breadcrumb":{"@id":"https:\/\/esqueletolibros.cl\/?page_id=304#breadcrumb"},"inLanguage":"es-CL","potentialAction":[{"@type":"ReadAction","target":["https:\/\/esqueletolibros.cl\/?page_id=304"]}]},{"@type":"ImageObject","inLanguage":"es-CL","@id":"https:\/\/esqueletolibros.cl\/?page_id=304#primaryimage","url":"https:\/\/esqueletolibros.cl\/wp-content\/uploads\/2024\/10\/1-4.png","contentUrl":"https:\/\/esqueletolibros.cl\/wp-content\/uploads\/2024\/10\/1-4.png","width":835,"height":1024},{"@type":"BreadcrumbList","@id":"https:\/\/esqueletolibros.cl\/?page_id=304#breadcrumb","itemListElement":[{"@type":"ListItem","position":1,"name":"Portada","item":"https:\/\/esqueletolibros.cl\/"},{"@type":"ListItem","position":2,"name":"Arte y Est\u00e9tica"}]},{"@type":"WebSite","@id":"https:\/\/esqueletolibros.cl\/#website","url":"https:\/\/esqueletolibros.cl\/","name":"","description":"","potentialAction":[{"@type":"SearchAction","target":{"@type":"EntryPoint","urlTemplate":"https:\/\/esqueletolibros.cl\/?s={search_term_string}"},"query-input":{"@type":"PropertyValueSpecification","valueRequired":true,"valueName":"search_term_string"}}],"inLanguage":"es-CL"}]}},"_links":{"self":[{"href":"https:\/\/esqueletolibros.cl\/index.php?rest_route=\/wp\/v2\/pages\/304","targetHints":{"allow":["GET"]}}],"collection":[{"href":"https:\/\/esqueletolibros.cl\/index.php?rest_route=\/wp\/v2\/pages"}],"about":[{"href":"https:\/\/esqueletolibros.cl\/index.php?rest_route=\/wp\/v2\/types\/page"}],"author":[{"embeddable":true,"href":"https:\/\/esqueletolibros.cl\/index.php?rest_route=\/wp\/v2\/users\/1"}],"replies":[{"embeddable":true,"href":"https:\/\/esqueletolibros.cl\/index.php?rest_route=%2Fwp%2Fv2%2Fcomments&post=304"}],"version-history":[{"count":44,"href":"https:\/\/esqueletolibros.cl\/index.php?rest_route=\/wp\/v2\/pages\/304\/revisions"}],"predecessor-version":[{"id":1233,"href":"https:\/\/esqueletolibros.cl\/index.php?rest_route=\/wp\/v2\/pages\/304\/revisions\/1233"}],"wp:attachment":[{"href":"https:\/\/esqueletolibros.cl\/index.php?rest_route=%2Fwp%2Fv2%2Fmedia&parent=304"}],"curies":[{"name":"wp","href":"https:\/\/api.w.org\/{rel}","templated":true}]}}